{"id":95,"date":"2015-02-12T19:15:12","date_gmt":"2015-02-12T17:15:12","guid":{"rendered":"https:\/\/arhiv.cona.si\/slo\/?page_id=95"},"modified":"2015-02-12T19:18:57","modified_gmt":"2015-02-12T17:18:57","slug":"hodi-mesto-walk-the-city","status":"publish","type":"page","link":"https:\/\/arhiv.cona.si\/slo\/hodi-mesto-walk-the-city\/","title":{"rendered":"Hodi Mesto (Walk the City)"},"content":{"rendered":"<p><a href=\"https:\/\/arhiv.cona.si\/wp-content\/uploads\/2013\/05\/HM-mediji1.jpg\"><img loading=\"lazy\" decoding=\"async\" class=\"alignleft size-medium wp-image-1921\" src=\"https:\/\/arhiv.cona.si\/wp-content\/uploads\/2013\/05\/HM-mediji1-300x288.jpg\" alt=\"HM mediji1\" width=\"300\" height=\"288\" \/><\/a>in situ ve\u010dmedijski performans, ki se odvija po ulicah\u00a0Ljubljane in Maribora (50min)<br \/>\n<strong>Irena Pivka, Brane Zorman, Sa\u0161ka Rakef, Klavdija Zupan<\/strong><\/p>\n<p>Hodi mesto je ve\u010dmedijska predstava, je zvo\u010dni zemljevid v katerega gledalec vstopi in mu sledi s pomo\u010djo aplikacije na mobilnem telefonu. S pomo\u010djo zvo\u010dnih slik, vtisnjenih v natan\u010dno izbrane lokacije v sredi\u0161\u010du mesta, prehaja med fiktivnimi in realnimi situacijami. Zemljevid preplete zvok s prostorom in ga kot celoto ponudi v do\u017eivljanje izku\u0161nje, v premislek.<br \/>\nMed prostori, ki so. In prostori, ki so bili. Bi lahko bili. Morda \u0161e bodo.<\/p>\n<p><a href=\"http:\/\/www.radiocona.si\/hodi-mesto-termini-prijava\">TERMINI in PRIJAVA<\/a>\u00a0\u00a0 \/\u00a0 <a href=\"https:\/\/arhiv.cona.si\/wp-content\/uploads\/2013\/05\/HODI-MESTO-spremno-besedilo.pdf\">HODI MESTO-spremno besedilo<\/a>\u00a0\u00a0 \/ \u00a0 <a href=\"https:\/\/arhiv.cona.si\/wp-content\/uploads\/2013\/05\/Hodi-Mesto-CONA-zlozenka-FIN.pdf\">Hodi Mesto zlozenka\u00a0<\/a><\/p>\n<p>Hodi Mesto je postavljen na lastni aplik<a href=\"https:\/\/arhiv.cona.si\/wp-content\/uploads\/2013\/05\/zemljevid-Hodi-Mesto.jpg\"><img loading=\"lazy\" decoding=\"async\" class=\"alignleft size-thumbnail wp-image-2009\" src=\"https:\/\/arhiv.cona.si\/wp-content\/uploads\/2013\/05\/zemljevid-Hodi-Mesto-150x150.jpg\" alt=\"zemljevid Hodi Mesto\" width=\"150\" height=\"150\" \/><\/a>aciji za Android pametne telefone, ki sledi poziciji in gibanju gledalca. Telefon z nalo\u017eeno aplikacijo in slu\u0161alkami bo dostopen na vstopi to\u010dki (ob predlo\u017eitvi osebnega dokumenta ali kavcije), prav tako pa si obiskovalec lahko sam nalo\u017ei aplikacijo.<\/p>\n<p>Cona nadaljuje in nadgrajuje v preteklem letu ustvarjen projekt <a href=\"https:\/\/arhiv.cona.si\/response-sound-mapswalks-odzivna-mesta\">OdzivNa mesta<\/a>, ki v sredi\u0161\u010de postavlja <i>zvo\u010dni zemljevid<\/i>, v \u017eelji kriti\u010dne refleksije uporabe e-zemljevidov.<\/p>\n<p>koncept in zasnova: Irena Pivka, Brane Zorman<br \/>\nbesedilo: Sa\u0161ka Rakef v sodelovanju s Klavdijo Zupan, Ireno Pivka, Brantom Zormanom<br \/>\nzvo\u010dna zasnova in zvo\u010dni zemljevid: Brane Zorman<br \/>\nprostorska zasnova: Irena Pivka<br \/>\ndramaturgija: Klavdija Zupan, Sa\u0161ka Rakef, Jasmina Zalo\u017enik<br \/>\npregled besedila: Toma\u017e Guben\u0161ek<br \/>\ntehnika: Marko Trstenjak<br \/>\nspremno besedilo: Jasmina Zalo\u017enik<\/p>\n<p>glasovi: Mojca Funkl, Toma\u017e Guben\u0161ek, Ga\u0161per Jarni, Sa\u0161ka Rakef, Marinka \u0160tern in otroci: Pika in Oskar Kapelj, Lara in Borut Bon\u010dina, Leo Pintar, Naomi Uma Zorman, Jan Verdellis<\/p>\n<p>zahvala za inspirativne misli: dr.Ale\u0161 Novak, Mirko Perko, Azizi Beitula, Lidija Male, Borut \u010cerne<\/p>\n<p>produkcija CONA zavod za procesiranje sodobne umetnosti, Peri\u010deva 7, SI &#8211; Ljubljana<br \/>\n<a href=\"https:\/\/arhiv.cona.si\">https:\/\/arhiv.cona.si<\/a>\u00a0\u00a0 kontakt <a href=\"mailto:cona@cona.si\">cona@cona.si<\/a><br \/>\nProgram in projektne enote zavoda CONA podpira Mestna ob\u010dina Ljubljana, Oddelek za kulturo,projekt sofinancira Ministrstvo za kulturo<\/p>\n","protected":false},"excerpt":{"rendered":"<p>in situ ve\u010dmedijski performans, ki se odvija po ulicah\u00a0Ljubljane in Maribora (50min) Irena Pivka, Brane Zorman, Sa\u0161ka Rakef, Klavdija Zupan Hodi mesto je ve\u010dmedijska predstava, je zvo\u010dni zemljevid v katerega gledalec vstopi in mu sledi s pomo\u010djo aplikacije na mobilnem telefonu. S pomo\u010djo zvo\u010dnih slik, vtisnjenih v natan\u010dno izbrane lokacije v sredi\u0161\u010du mesta, prehaja med [&hellip;]<\/p>\n","protected":false},"author":2,"featured_media":0,"parent":0,"menu_order":0,"comment_status":"closed","ping_status":"closed","template":"","meta":{"footnotes":""},"class_list":["post-95","page","type-page","status-publish","hentry"],"_links":{"self":[{"href":"https:\/\/arhiv.cona.si\/slo\/wp-json\/wp\/v2\/pages\/95","targetHints":{"allow":["GET"]}}],"collection":[{"href":"https:\/\/arhiv.cona.si\/slo\/wp-json\/wp\/v2\/pages"}],"about":[{"href":"https:\/\/arhiv.cona.si\/slo\/wp-json\/wp\/v2\/types\/page"}],"author":[{"embeddable":true,"href":"https:\/\/arhiv.cona.si\/slo\/wp-json\/wp\/v2\/users\/2"}],"replies":[{"embeddable":true,"href":"https:\/\/arhiv.cona.si\/slo\/wp-json\/wp\/v2\/comments?post=95"}],"version-history":[{"count":3,"href":"https:\/\/arhiv.cona.si\/slo\/wp-json\/wp\/v2\/pages\/95\/revisions"}],"predecessor-version":[{"id":98,"href":"https:\/\/arhiv.cona.si\/slo\/wp-json\/wp\/v2\/pages\/95\/revisions\/98"}],"wp:attachment":[{"href":"https:\/\/arhiv.cona.si\/slo\/wp-json\/wp\/v2\/media?parent=95"}],"curies":[{"name":"wp","href":"https:\/\/api.w.org\/{rel}","templated":true}]}}