{"id":87,"date":"2015-02-12T19:03:07","date_gmt":"2015-02-12T17:03:07","guid":{"rendered":"https:\/\/arhiv.cona.si\/slo\/?page_id=87"},"modified":"2015-02-12T19:06:59","modified_gmt":"2015-02-12T17:06:59","slug":"sasa-rakef-jasmina-zaloznik-abcde_f","status":"publish","type":"page","link":"https:\/\/arhiv.cona.si\/slo\/sasa-rakef-jasmina-zaloznik-abcde_f\/","title":{"rendered":"Sa\u0161a Rakef, Jasmina Zalo\u017enik: ABCDE_F"},"content":{"rendered":"<p><a href=\"https:\/\/arhiv.cona.si\/wp-content\/uploads\/2014\/09\/drawing-by_-Tereza-Merlini.jpg\"><img loading=\"lazy\" decoding=\"async\" class=\"alignleft size-thumbnail wp-image-2730\" src=\"https:\/\/arhiv.cona.si\/wp-content\/uploads\/2014\/09\/drawing-by_-Tereza-Merlini-150x150.jpg\" alt=\"drawing by_ Tereza Merlini\" width=\"150\" height=\"150\" \/><\/a>Glasbeni performans , 2014 \/ 50 min<br \/>\nSpletna stran projekta v nastajanju <a href=\"http:\/\/abcdef.si\/\">abcdef.si<\/a><\/p>\n<p>Kak\u0161en je utrip sistema, v katerega smo potopljeni? Kak\u0161en je zvok \u017eivljenja v njem? Na kak\u0161en na\u010din se v to ritmi\u010dno strukturo vpenja na\u0161e delo?\u00a0Vsaka zgodba ima svoj za\u010detek, zaplet, vrh, razplet, konec. Vsaka zgodba ima svojo alternativo. <b>Kaj je F v sistemu ABCDE?<\/b><\/p>\n<p><a href=\"https:\/\/arhiv.cona.si\/wp-content\/uploads\/2014\/09\/DSC_3636.jpg\"><img loading=\"lazy\" decoding=\"async\" class=\" size-thumbnail wp-image-2839 alignnone\" src=\"https:\/\/arhiv.cona.si\/wp-content\/uploads\/2014\/09\/DSC_3636-150x150.jpg\" alt=\"DSC_3636\" width=\"150\" height=\"150\" \/><\/a> <a href=\"https:\/\/arhiv.cona.si\/wp-content\/uploads\/2014\/09\/DSC_3640.jpg\"><img loading=\"lazy\" decoding=\"async\" class=\"alignleft size-thumbnail wp-image-2838\" src=\"https:\/\/arhiv.cona.si\/wp-content\/uploads\/2014\/09\/DSC_3640-150x150.jpg\" alt=\"DSC_3640\" width=\"150\" height=\"150\" \/><\/a><\/p>\n<p>\u00bbV mno\u0161tvu nizkotnih del, ki sem jih opravljal, je bilo tudi no\u010dno delo v tovarni lu\u010dnih konstrukcij. Osemurno izvajanje ponavljajo\u010dih se kretenj in poni\u017eno prilagajanje ma\u0161inam. Monotonijo gest sem posku\u0161al zapolniti z opazovanjem strojev in delavcev. Spra\u0161eval sem se, kaj bi se zgodilo, \u010de bi pritisnil eno izmed stikal. Pritisnil sem. Gibanje stroja se je spremenilo. Strojna roka je grabila krhke plasti\u010dne konstrukcije in jih mali\u010dila. Proizvodnja se je ustavila. In lahko smo od\u0161li domov.\u00ab (Dok Gregory)<\/p>\n<p>ABCDE_F je koncertna (pre)poved. O tem, kaj delamo. Kako delamo. Zakaj delamo. Inspirirana je z zgodbami ljudi razli\u010dnih profilov, poklicev, kulturnih sredin, ki so z avtoricama delili svojo izku\u0161njo dela.<\/p>\n<p>Vsaka zgodba ima svoj za\u010detek, zaplet, vrh, razplet, konec. Vsaka zgodba ima svojo alternativo. O \u010dem danes sanjamo delavci?<\/p>\n<p><b>Sa\u0161a Rakef<\/b> in <b>Jasmina Zalo\u017enik<\/b> sta samozaposleni v kulturi. \u00a0 Kot dve razli\u010dni biografiji sta variaciji na temo odnosa med posameznikom in ABCDE sistemom, preizpra\u0161ujo\u010d:<\/p>\n<p><i>Je integracija v ABCDE mo\u017enost spremembe sistema ali na\u010din pre\u017eivetja? V kolik\u0161ni meri smo sposobni (samo)refleksije obstoje\u010dih procesov? Komu dolgujemo in zakaj smo odgovorni?<\/i><\/p>\n<p>________________<\/p>\n<p>Koncept in re\u017eija: Sa\u0161a Rakef, Jasmina Zalo\u017enik;<br \/>\nAvtorica teksta: Sa\u0161a Rakef v sodelovanju z Jasmino Zalo\u017enik;<br \/>\nIzvedba: Sa\u0161a Rakef, Jasmina Zalo\u017enik, Jelena Milojevi\u0107, Uro\u0161 Jezdi\u0107, Vanja Dizdarevi\u0107;<br \/>\nAvtorica glasbe: Jelena Milojevi\u0107 v sodelovanju z Uro\u0161em Jezdi\u0107em in Vanjo Dizdarevi\u0107em;<br \/>\nDramaturgija: Klavdija Zupan<br \/>\nOblikovanje lu\u010di in tehni\u010dno vodstvo: David Ore\u0161i\u010d;<br \/>\nPrevod besedila v angle\u0161\u010dino: Anja Podgornik; Lektura: Neja \u0160mid;<br \/>\nIzvr\u0161ni producentki: Sa\u0161a Rakef, Jasmina Zalo\u017enik<br \/>\nProdukcija: Cona, zavod za procesiranje sodobne umetnosti;<br \/>\nKoprodukcija: Mesto \u017eensk, Celinka, dru\u0161tvo ustvarjalk sodobnega plesa v sodelovanju: Plesni Teater Ljubljana<br \/>\nS podporo: Ministrstvo za kulturo RS, Mestna ob\u010dina Maribor<\/p>\n","protected":false},"excerpt":{"rendered":"<p>Glasbeni performans , 2014 \/ 50 min Spletna stran projekta v nastajanju abcdef.si Kak\u0161en je utrip sistema, v katerega smo potopljeni? Kak\u0161en je zvok \u017eivljenja v njem? Na kak\u0161en na\u010din se v to ritmi\u010dno strukturo vpenja na\u0161e delo?\u00a0Vsaka zgodba ima svoj za\u010detek, zaplet, vrh, razplet, konec. Vsaka zgodba ima svojo alternativo. Kaj je F v [&hellip;]<\/p>\n","protected":false},"author":2,"featured_media":0,"parent":0,"menu_order":0,"comment_status":"closed","ping_status":"closed","template":"","meta":{"footnotes":""},"class_list":["post-87","page","type-page","status-publish","hentry"],"_links":{"self":[{"href":"https:\/\/arhiv.cona.si\/slo\/wp-json\/wp\/v2\/pages\/87","targetHints":{"allow":["GET"]}}],"collection":[{"href":"https:\/\/arhiv.cona.si\/slo\/wp-json\/wp\/v2\/pages"}],"about":[{"href":"https:\/\/arhiv.cona.si\/slo\/wp-json\/wp\/v2\/types\/page"}],"author":[{"embeddable":true,"href":"https:\/\/arhiv.cona.si\/slo\/wp-json\/wp\/v2\/users\/2"}],"replies":[{"embeddable":true,"href":"https:\/\/arhiv.cona.si\/slo\/wp-json\/wp\/v2\/comments?post=87"}],"version-history":[{"count":5,"href":"https:\/\/arhiv.cona.si\/slo\/wp-json\/wp\/v2\/pages\/87\/revisions"}],"predecessor-version":[{"id":93,"href":"https:\/\/arhiv.cona.si\/slo\/wp-json\/wp\/v2\/pages\/87\/revisions\/93"}],"wp:attachment":[{"href":"https:\/\/arhiv.cona.si\/slo\/wp-json\/wp\/v2\/media?parent=87"}],"curies":[{"name":"wp","href":"https:\/\/api.w.org\/{rel}","templated":true}]}}