{"id":72,"date":"2015-02-12T12:53:02","date_gmt":"2015-02-12T10:53:02","guid":{"rendered":"https:\/\/arhiv.cona.si\/slo\/?page_id=72"},"modified":"2025-03-31T09:55:20","modified_gmt":"2025-03-31T07:55:20","slug":"izobrazevanje","status":"publish","type":"page","link":"https:\/\/arhiv.cona.si\/slo\/izobrazevanje\/","title":{"rendered":"Izobra\u017eevanje"},"content":{"rendered":"<div class=\"wpb-content-wrapper\"><p>[vc_row][vc_column][vc_column_text]<\/p>\n<h2>Delavnice in izobra\u017eevanja<\/h2>\n<p>Delavnice ponujajo neprecenljive prilo\u017enosti za sre\u010danje umetnikov in raziskovalcev na podro\u010dju zvo\u010dne umetnosti in bioakustike, izmenjavo idej in sodelovanje. Skozi prakti\u010dne dejavnosti se lahko udele\u017eenke_ci nau\u010dijo novih tehnik, eksperimentirajo z razli\u010dnimi orodji in tehnologijami ter premikajo meje svoje ustvarjalnosti.[\/vc_column_text][vc_column_text]<\/p>\n<h1>2025<\/h1>\n<p>[\/vc_column_text][vc_row_inner][vc_column_inner width=&#8221;1\/3&#8243;][vc_single_image image=&#8221;2700&#8243;][\/vc_column_inner][vc_column_inner width=&#8221;2\/3&#8243;][vc_column_text]Zvo\u010dna delavnica <em>Odmevanje Pala\u010de mladih<\/em> je ustvarjalni program Mladih zmajev v kolaboraciji z <a href=\"https:\/\/arhiv.cona.si\/slo\/\" target=\"_blank\" rel=\"noopener\">zavodom CONA<\/a>, skozi katerega mladim omogo\u010damo raziskovanje urbanega prostora skozi zvo\u010dno umetnost in intermedijske prakse.<\/p>\n<p><a href=\"https:\/\/arhiv.cona.si\/slo\/2025\/01\/22\/odmevanje-palace-mladih\/?noredirect=sl_SI\">Ve\u010d o delavnici <em>Odmevanje Pala\u010de mladih<\/em><\/a>[\/vc_column_text][\/vc_column_inner][\/vc_row_inner][vc_column_text]<\/p>\n<h1>2024<\/h1>\n<p>[\/vc_column_text][vc_row_inner][vc_column_inner width=&#8221;1\/3&#8243;][vc_single_image image=&#8221;2554&#8243;][\/vc_column_inner][vc_column_inner width=&#8221;2\/3&#8243;][vc_column_text]Izobra\u017eevalni program poteka ob festivalu korenite zvo\u010dne hoje <em>TO)pot<\/em> kot poseben sklop, namenjen izobra\u017eevanju mladih na podro\u010dju slu\u0161ne senzibilizacije in kriti\u0161ko poeti\u010dne refleksije.<\/p>\n<p><a href=\"https:\/\/arhiv.cona.si\/slo\/2024\/09\/21\/urska-savic-festival-diary\/?noredirect=sl_SI\">Ur\u0161ka Savi\u010d: <em>Festivalski dnevnik<\/em><\/a>[\/vc_column_text][\/vc_column_inner][\/vc_row_inner][vc_row_inner][vc_column_inner width=&#8221;1\/3&#8243;][vc_single_image image=&#8221;2553&#8243;][\/vc_column_inner][vc_column_inner width=&#8221;2\/3&#8243;][vc_column_text]<em>TO)potna<\/em> predstavitev se bo osredoto\u010dila na poslu\u0161anje kot dejavnost, ki globoko odmeva na podro\u010dju etike ali bolje eti\u010dnosti.<\/p>\n<p><a href=\"https:\/\/arhiv.cona.si\/slo\/2024\/09\/21\/maja-bjelica-milos-vojtechovsky-in-jacek-smolicki-lectures\/?noredirect=sl_SI\">Maja Bjelica, Milo\u0161 Vojt\u011bchovsk\u00fd in Jacek Smolicki: Predavanja<\/a>[\/vc_column_text][\/vc_column_inner][\/vc_row_inner][vc_row_inner][vc_column_inner width=&#8221;1\/3&#8243;][vc_single_image image=&#8221;2546&#8243;][\/vc_column_inner][vc_column_inner width=&#8221;2\/3&#8243;][vc_column_text]Delavnica Dr. Colina Blacka udele\u017eence vabi k raziskovanju njihovega akusti\u010dnega okolja in ustvarjanju zvo\u010dnih zemljevidov, pri \u010demer se zvo\u010dni sprehodi uporabljajo kot orodje za samoizra\u017eanje in osebno dobrobit.<\/p>\n<p><a href=\"https:\/\/arhiv.cona.si\/slo\/2024\/09\/21\/colin-black-soundwalk-as-art-therapy\/?noredirect=sl_SI\">Colin Black: <em>Soundwalk As Art Therapy<\/em><\/a>[\/vc_column_text][\/vc_column_inner][\/vc_row_inner][vc_row_inner][vc_column_inner width=&#8221;1\/3&#8243;][vc_single_image image=&#8221;2549&#8243;][\/vc_column_inner][vc_column_inner width=&#8221;2\/3&#8243;][vc_column_text]Predstavitev raziskovalnega projekta lanskega prejemnika \u0161tipendije Cone, Bla\u017ea Re\u017eonje.<\/p>\n<p><a href=\"https:\/\/arhiv.cona.si\/slo\/2024\/08\/21\/5639\/?noredirect=sl_SI\">Bla\u017e Re\u017eonja: <em>Zvoki slovenskih pragozdov in gozdnih rezervatov<\/em><\/a>[\/vc_column_text][\/vc_column_inner][\/vc_row_inner][vc_column_text]<\/p>\n<h1>2023<\/h1>\n<p>[\/vc_column_text][vc_row_inner][vc_column_inner width=&#8221;1\/3&#8243;][vc_single_image image=&#8221;2550&#8243;][\/vc_column_inner][vc_column_inner width=&#8221;2\/3&#8243;][vc_column_text]Teoreti\u010dna prezentacija in razprava v sklopu festivala <em>TO)pot<\/em>.<\/p>\n<p><a href=\"https:\/\/arhiv.cona.si\/slo\/2023\/09\/21\/elena-biserna-ida-hirsenfelder-and-jacek-smolicki-critical-approaches-to-soundwalking\/?noredirect=sl_SI\">Elena Biserna, Ida Hir\u0161enfelder and Jacek Smolicki: <em>Critical Approaches to Soundwalking<\/em><\/a>[\/vc_column_text][\/vc_column_inner][\/vc_row_inner][vc_row_inner][vc_column_inner width=&#8221;1\/3&#8243;][vc_single_image image=&#8221;2545&#8243;][\/vc_column_inner][vc_column_inner width=&#8221;2\/3&#8243;][vc_column_text]Delavnica, ki se osredoto\u010da na poslu\u0161anje skozi prizmo spola v javnih prostorih, izziva norme ter ponovno zavzema prostor skozi zvok in gibanje.<\/p>\n<p><a href=\"https:\/\/arhiv.cona.si\/slo\/2023\/09\/21\/elena-biserna-feminist-steps-amanda-gutierrez-sono-soro\/?noredirect=sl_SI\">Elena Biserna: <em>Feminist Steps + Amanda Guti\u00e9rrez: Sono-soro<\/em><\/a>[\/vc_column_text][\/vc_column_inner][\/vc_row_inner][vc_row_inner][vc_column_inner width=&#8221;1\/3&#8243;][vc_single_image image=&#8221;2548&#8243;][\/vc_column_inner][vc_column_inner width=&#8221;2\/3&#8243;][vc_column_text]Delavnica je namenjena profesionalnim glasbenikom (vokalistom in\/ali akusti\u010dnim instrumentalistom). Cilj delavnice je predstaviti podro\u010dje medvrstne komunikacije in glasbene improvizacije med ljudmi in drugimi ne\u010dlove\u0161kimi \u017eivalskimi vrstami.<\/p>\n<p><a href=\"https:\/\/arhiv.cona.si\/slo\/2023\/04\/16\/david-rothenberg-2\/?noredirect=sl_SI\">David Rothenberg: <em>Interspecies sound improvisation workshop<\/em><\/a>[\/vc_column_text][\/vc_column_inner][\/vc_row_inner][vc_row_inner][vc_column_inner width=&#8221;1\/3&#8243;][vc_single_image image=&#8221;2552&#8243;][\/vc_column_inner][vc_column_inner width=&#8221;2\/3&#8243;][vc_column_text]Na dvodnevni delavnici bo <a href=\"https:\/\/theacousmaticproject.at\/thomas-gorbach\/?lang=en\">Thomas Gorbach<\/a> razlo\u017eil principe arhitekture zvo\u010dnikov svojega akuzmonija, logiko konfiguracije kanalov ter glasbene principe analize in performativnega zapisa akusti\u010dnih del v posebej razvitem scenariju.<\/p>\n<p><a href=\"https:\/\/arhiv.cona.si\/slo\/2023\/03\/01\/5805\/?noredirect=sl_SI\">Thomas Gorbach &amp; The Vienna Acousmonium Delavnica<\/a>[\/vc_column_text][\/vc_column_inner][\/vc_row_inner][vc_column_text]<\/p>\n<h1>2022<\/h1>\n<p>[\/vc_column_text][vc_row_inner][vc_column_inner width=&#8221;1\/3&#8243;][vc_single_image image=&#8221;2547&#8243;][\/vc_column_inner][vc_column_inner width=&#8221;2\/3&#8243;][vc_column_text]Predstavitev pribli\u017eno 100 nespecifi\u010dnih partitur umetnikov, skladateljev in kolektivov, ki vklju\u010dujejo hojo, poslu\u0161anje in ustvarjanje zvoka v urbanem prostoru.<\/p>\n<p><a href=\"https:\/\/arhiv.cona.si\/slo\/2023\/09\/01\/elena-biserna-walking-from-scores\/?noredirect=sl_SI\">Elena Biserna: <em>Walking from scores<\/em><\/a><\/p>\n<p>[\/vc_column_text][\/vc_column_inner][\/vc_row_inner][vc_row_inner][vc_column_inner width=&#8221;1\/3&#8243;][vc_single_image image=&#8221;2190&#8243;][\/vc_column_inner][vc_column_inner width=&#8221;2\/3&#8243;][vc_column_text]Delavnica je namenjena profesionalnim glasbenikom_cam (vokalistke_i in\/ali akusti\u010dne_i instrumentalistke_i). Cilj delavnice je predstavitev podro\u010dja medvrstne glasbene improvizacije med \u010dlovekom in drugimi ne\u010dlove\u0161kimi \u017eivalskimi vrstami.<\/p>\n<p><a href=\"https:\/\/www.steklenik.si\/david-rothenberg-delavnica-za-medvrstno-zvocno-komuniciranje\/\">David Rothenberg: <em>Delavnica o medvrstnem zvo\u010dnem ustvarjanju<\/em><\/a>[\/vc_column_text][\/vc_column_inner][\/vc_row_inner][vc_row_inner][vc_column_inner width=&#8221;1\/3&#8243;][vc_single_image image=&#8221;2187&#8243;][\/vc_column_inner][vc_column_inner width=&#8221;2\/3&#8243;][vc_column_text]<span style=\"color: #000000;\">Z delavnico bodo udele\u017eenci_ke dobili prilo\u017enost, da skozi pripovedovanje z razli\u010dnimi pristopi svobodno raziskujejo svojo identiteto v kontekstu kraja. Zvo\u010dni sprehod kot terapevtski pristop, razvijajo\u010d \u010duje\u010dnost, v kateri se udele\u017eenci osredoto\u010dajo na intenzivno zavedanje \u010duta za sluh in povezanost s krajem.<\/span><\/p>\n<p><span style=\"color: #000000;\"><a style=\"color: #000000;\" href=\"https:\/\/www.steklenik.si\/colin-black-zvocni-sprehod\/\">Colin Black:<em> Zvo\u010dni sprehodi<\/em><\/a><\/span>[\/vc_column_text][\/vc_column_inner][\/vc_row_inner][vc_row_inner][vc_column_inner width=&#8221;1\/3&#8243;][vc_single_image image=&#8221;2188&#8243;][\/vc_column_inner][vc_column_inner width=&#8221;2\/3&#8243;][vc_column_text]<span style=\"color: #000000;\">Predavala bo Katarina Radaljac, aktivistka in magistra muzikologije, ki svoje raziskovanje posve\u010da glasbi ne\u010dlove\u0161kih \u017eivali in interakcijami z njimi \u2013 pri tem povezuje razli\u010dna znanstvena in umetni\u0161ka podro\u010dja kot so zoomuzikologija, aplikativna etnomuzikologija, medvrstna umetnost, \u010dlove\u0161ko-\u017eivalske \u0161tudije, etika \u017eivali in druga.<\/span><\/p>\n<p><span style=\"color: #000000;\"><a style=\"color: #000000;\" href=\"https:\/\/www.steklenik.si\/katarina-radaljac-medvrstno-glasbeno-ustvarjanje\/\">Katarina Radaljac:<em> Medvrstno glasbeno ustvarjanje<\/em><\/a><\/span>[\/vc_column_text][\/vc_column_inner][\/vc_row_inner][vc_row_inner][vc_column_inner width=&#8221;1\/3&#8243;][vc_single_image image=&#8221;2189&#8243;][\/vc_column_inner][vc_column_inner width=&#8221;2\/3&#8243;][vc_column_text]Na dvodnevni delavnici bo <a href=\"https:\/\/theacousmaticproject.at\/thomas-gorbach\/?lang=en\">Thomas Gorbach<\/a> razlo\u017eil principe arhitekture zvo\u010dnikov svojega akuzmonija, logiko konfiguracije kanalov ter glasbene principe analize in performativnega zapisa akusti\u010dnih del v posebej razvitem scenariju.<\/p>\n<p><a href=\"https:\/\/arhiv.cona.si\/slo\/2022\/03\/01\/thomas-gorbach-the-development-of-the-ephemeral-dynamic-motion-sound-sculptures\/?noredirect=sl_SI\">Thomas Gorbach: <em>zvo\u010dna umetnost v prostorskem zvoku<\/em><\/a>[\/vc_column_text][\/vc_column_inner][\/vc_row_inner][\/vc_column][\/vc_row][vc_row][vc_column][vc_column_text]<\/p>\n<h2>Reziden\u010dni program<\/h2>\n<p>Residen\u010dni program spodbuja pretok ustvarjalcev na podro\u010dju novomedijske in zvo\u010dne umetnosti in je namenjen vabljenim umetnikom, kuratorjem in sodelavcem CONE.\u00a0Trajanje bivanja lahko traja od enega do osem tednov. Prostore zagotavljajo ljubljanske partnerske ustanove, in sicer Javni sklad za kulturne dejavnosti Slovenije (JSKD), Toba\u010dna001 (do 2021), Mednarodni grafi\u010dni likovni center in od leta 2016 do 2022 lastna rezidenca zavoda CONE, <em><a href=\"https:\/\/arhiv.cona.si\/rezone-residency\/\">reZone<\/a><\/em>.[\/vc_column_text][vc_column_text]<\/p>\n<h1>2021<\/h1>\n<p>[\/vc_column_text][vc_row_inner][vc_column_inner width=&#8221;1\/3&#8243;][vc_single_image image=&#8221;2161&#8243;][\/vc_column_inner][vc_column_inner width=&#8221;2\/3&#8243;][vc_column_text]<a href=\"http:\/\/www.annececilielie.com\/\"><strong>Anne Cecilie Lie<\/strong><\/a> je umetnica in scenografka, ki deluje v Oslu na Norve\u0161kem.\u00a0 Ukvarja se z zvokom, kiparstvom, bio-umetnostjo, instalacijami, videom, besedilom in \u0161e \u010dem. Pogosto snuje projekte v sodelovanju z drugimi umetniki iz izbranega ustvarjalnega podro\u010dja ter na podlagi znanstvenih raziskav, v sodelovanju z razli\u010dnimi izobra\u017eevalnimi ustanovami in lokalnimi skupnostmi.<\/p>\n<p><a href=\"http:\/\/www.steklenik.si\/en\/anne-cecilie-lie-dissolutions-2\/\">Anne Cecilie Lie: <em>(dis)solutions II<\/em><\/a>[\/vc_column_text][\/vc_column_inner][\/vc_row_inner][\/vc_column][\/vc_row][vc_row][vc_column][vc_column_text]<\/p>\n<h1>2020<\/h1>\n<p>[\/vc_column_text][vc_row_inner][vc_column_inner width=&#8221;1\/3&#8243;][vc_single_image image=&#8221;2173&#8243;][\/vc_column_inner][vc_column_inner width=&#8221;2\/3&#8243;][vc_column_text]<\/p>\n<p style=\"text-align: left;\"><strong>Dr. Roland M\u00fchlethaler <\/strong>(<strong><a href=\"https:\/\/en.nabu.de\/\">Nature And Biodiversity Conservation Union<\/a><\/strong> in studio Tom\u00e1s Saraceno GmbH) bo prou\u010deval lokalne pajke in njihove mre\u017ee, pomagal pri postavitvi nove zvo\u010dne instalacije\u00a0in vodil umetni\u0161ko-raziskovalni zvo\u010dni sprehod, na katerem bo predstavil aplikacijo Arachnomancy.<\/p>\n<p><a href=\"http:\/\/www.steklenik.si\/en\/bostjan-perovsek-interweaving-soundscapes\/\">Bo\u0161tjan Perov\u0161ek: <em>Interweaving Soundscapes<\/em><\/a>[\/vc_column_text][\/vc_column_inner][\/vc_row_inner][vc_row_inner][vc_column_inner width=&#8221;1\/3&#8243;][vc_single_image image=&#8221;2165&#8243;][\/vc_column_inner][vc_column_inner width=&#8221;2\/3&#8243;][vc_column_text]<a href=\"http:\/\/manjaristic.blogspot.com\/p\/blog-page.html\"><strong>Manja Risti\u0107<\/strong><\/a>\u00a0je vsestranska umetnica, raziskovalka in kuratorica. Njene z zvokom povezane raziskave se poleg sodobnega performansa v polju instrumentalne elektroakusti\u010dne glasbe osredoto\u010dajo predvsem na interdisciplinarni pristop k zvo\u010dni umetnosti, terenski posnetkom in eksperimentalnim radijskim umetnostim.<\/p>\n<p><a href=\"http:\/\/www.radiocona.si\/blog\/2019\/12\/18\/radiocona-krajine-pripovedi-jv\/\">radioCona: StoryscapesSE<\/a><br \/>\n<a href=\"http:\/\/www.steklenik.si\/en\/manja-ristic-introduction-to-sound-listening-as-psychoenergetic-agencies\/\" target=\"_self\" rel=\"bookmark noopener noreferrer\" data-ajax=\"true\">Introduction to Sound &amp; Listening as Psychoenergetic Agencies<\/a>[\/vc_column_text][\/vc_column_inner][\/vc_row_inner][\/vc_column][\/vc_row][vc_row][vc_column][vc_column_text]<\/p>\n<h1>2019<\/h1>\n<p>[\/vc_column_text][vc_row_inner][vc_column_inner width=&#8221;1\/3&#8243;][vc_single_image image=&#8221;2175&#8243;][\/vc_column_inner][vc_column_inner width=&#8221;2\/3&#8243;][vc_column_text]<strong>Martin P Eccles\u00a0<\/strong>je zvo\u010dni umetnik in pesnik, ki svoje ustvarjanje osredinja okoli hoje kot umetnosti. V svoji praksi si prizadeva za refleksijo izku\u0161nje lastne prisotnosti in hoje v naravnih okoljih. Uporablja \u0161tevilne metode (ve\u010dinoma dela z zvokom in besedilom), s katerimi se odziva na \u010das, razdaljo in lokacijo v pokrajini.<\/p>\n<p><a href=\"https:\/\/www.steklenik.si\/en\/martin-eccles-no-2-no-trace\/\">Martin Eccles<em>: No. 2: \u2018no trace\u2019<\/em><\/a>[\/vc_column_text][\/vc_column_inner][\/vc_row_inner][vc_row_inner][vc_column_inner width=&#8221;1\/3&#8243;][vc_single_image image=&#8221;2176&#8243;][\/vc_column_inner][vc_column_inner width=&#8221;2\/3&#8243;][vc_column_text]<strong>OR poiesis<\/strong> je umetnica in raziskovalka na podro\u010dju zvoka in slu\u0161ne percepcije ter poeti\u010dnega performansa. Besedo raz\u0161irja v sonornih sferah \u010dasprostor poezije. Ob vseh digitalnih razse\u017enostih ji je sredi\u0161\u010dna fizi\u010dna prisotnost telesa.<\/p>\n<p><a href=\"https:\/\/www.steklenik.si\/en\/or-poiesis-kisetsu-quarry\/\">OR poiesis<em>: KISETSU Quarry<\/em><\/a>[\/vc_column_text][\/vc_column_inner][\/vc_row_inner][\/vc_column][\/vc_row][vc_row][vc_column][vc_column_text]<\/p>\n<h1>2017<\/h1>\n<p>[\/vc_column_text][vc_row_inner][vc_column_inner width=&#8221;1\/3&#8243;][vc_single_image image=&#8221;2164&#8243;][\/vc_column_inner][vc_column_inner width=&#8221;2\/3&#8243;][vc_column_text]<strong>Elena Biserna<\/strong> je raziskovalka na Locus Sonus, \u00c9cole Sup\u00e9rieure d\u2019Art v Aix-en-Provence v Franciji. V svojem delu se osredoto\u010da na raz\u0161irjen zvok, poslu\u0161anje in kontekstualne prakse v povezavi z urbanimi dinamikami, dru\u017ebeno-kulturnimi procesi in vsakdanom.<\/p>\n<p><span lang=\"EN-GB\"><a href=\"http:\/\/radioCona:wolFMoon\">radioCona:wolFMoon<\/a><\/span>[\/vc_column_text][\/vc_column_inner][\/vc_row_inner][\/vc_column][\/vc_row][vc_row][vc_column][vc_column_text]<\/p>\n<h1>2016<\/h1>\n<p>[\/vc_column_text][vc_row_inner][vc_column_inner width=&#8221;1\/3&#8243;][vc_single_image image=&#8221;2170&#8243;][\/vc_column_inner][vc_column_inner width=&#8221;2\/3&#8243;][vc_column_text]<strong>Peter Sinclair<\/strong> je zvo\u010dni umetnik, raziskovalec in dolgoletni ustvarjalec avtonomnih glasbenih naprav in zvo\u010dnih instalacij. Doktorski \u0161tudij je kon\u010dal na University of Arts v Londonu. Trenutno se intenzivno posve\u010da mobilnim medijem, mre\u017enim soni\u010dnim prostorom in premislekom o podatkih v realnem \u010dasu.<\/p>\n<p><a href=\"https:\/\/arhiv.cona.si\/blog\/2016\/09\/02\/peter-sinclair-other-kinds-of-sound-environment\/?noredirect=en_US\">Peter Sinclair: <em>Other Kinds of Sound Environment<\/em><\/a>[\/vc_column_text][\/vc_column_inner][\/vc_row_inner][vc_row_inner][vc_column_inner width=&#8221;1\/3&#8243;][vc_single_image image=&#8221;2167&#8243;][\/vc_column_inner][vc_column_inner width=&#8221;2\/3&#8243;][vc_column_text]<a href=\"http:\/\/www.ohnetitel%20.org\/\"><strong>Boris Baltschun<\/strong><\/a>\u00a0je\u00a0skladatelj in pianist, je interdisciplinarni umetnik, ki ustvarja instalacije, radijska dela in performanse. Svoje delo predstavlja tudi na solisti\u010dnih nastopih, na katerih uporablja ra\u010dunalnik, analogne sintetizatorje in orgle. Je \u010dlan kolektiva The Pitch in \u0161tiriindvajset\u010dlanske zasedbe Splitter Orchester.<\/p>\n<p><a href=\"https:\/\/arhiv.cona.si\/slo\/zvo-ci-ti-so-und-ing-duo-cikel-2016-2\/\">ZVO.\u010cI.TI (sound.ing)DUO<\/a>[\/vc_column_text][\/vc_column_inner][\/vc_row_inner][vc_row_inner][vc_column_inner width=&#8221;1\/3&#8243;][vc_single_image image=&#8221;2171&#8243;][\/vc_column_inner][vc_column_inner width=&#8221;2\/3&#8243;][vc_column_text]<strong>Manja Risti\u0107<\/strong> je multimedijska in zvo\u010dna umetnica, violinistka, izvajalka, kuratorica, raziskovalka, predavateljica in kulturna managerka. Kot solistka in izvajalka klasi\u010dne komorne glasbe je nastopala po Evropi in sodelovala z znanimi umetniki, skladatelji in dirigenti.<\/p>\n<p><a href=\"https:\/\/arhiv.cona.si\/slo\/zvo-ci-ti-so-und-ing-duo-cikel-2016-2\/\">ZVO.\u010cI.TI (sound.ing)DUO<\/a>[\/vc_column_text][\/vc_column_inner][\/vc_row_inner][vc_row_inner][vc_column_inner width=&#8221;1\/3&#8243;][vc_single_image image=&#8221;2174&#8243;][\/vc_column_inner][vc_column_inner width=&#8221;2\/3&#8243;][vc_column_text]<strong>Pablo Sanz\u00a0<\/strong>ustvarja site-specific projekte, instalacije, potopitvene performanse, zvo\u010dna dela za poslu\u0161anje s slu\u0161alkami ter pi\u0161e za publikacije. Raziskuje estetske in prostorske vidike zaznave zvoka in se \u0161e posebej posve\u010da okoljskim zvokom kot materialu.<\/p>\n<p><a href=\"https:\/\/arhiv.cona.si\/slo\/zvo-ci-ti-so-und-ing-duo-cikel-2016-2\/\">ZVO.\u010cI.TI (sound.ing)DUO<\/a>[\/vc_column_text][\/vc_column_inner][\/vc_row_inner][\/vc_column][\/vc_row][vc_row][vc_column][vc_column_text]<\/p>\n<h1>2015<\/h1>\n<p>[\/vc_column_text][vc_row_inner][vc_column_inner width=&#8221;1\/3&#8243;][vc_single_image image=&#8221;2182&#8243;][\/vc_column_inner][vc_column_inner width=&#8221;2\/3&#8243;][vc_column_text]<a href=\"http:\/\/jeffkolar.us\/\"><strong>Jeff Kolar<\/strong><\/a> je zvo\u010dni umetnik in kustos. Kritiki njegovo delo opisujejo kot \u00bbcefranje zvo\u010dnikov\u00ab (Half Letter Press) in kot \u00bb\u010dudovito \u010dudno\u00ab (John Corbett), vklju\u010duje pa razli\u010dne kolaborativne projekte, radio oddajanja kratkega dosega in performanse.[\/vc_column_text][\/vc_column_inner][\/vc_row_inner][\/vc_column][\/vc_row][vc_row][vc_column][vc_column_text]<\/p>\n<h1>2014<\/h1>\n<p>[\/vc_column_text][vc_row_inner][vc_column_inner width=&#8221;1\/3&#8243;][vc_single_image image=&#8221;2181&#8243;][\/vc_column_inner][vc_column_inner width=&#8221;2\/3&#8243;][vc_column_text]<strong><a href=\"http:\/\/www.bram.org\/\">Annie Abrahams<\/a><\/strong>\u00a0je\u00a0novomedijska umetnica. Z uporabo videa, instalacije, performansa, kot tudi spletnega okolja, v svojem delu prevpra\u0161uje mo\u017enosti in omejitve komunikacije in pozorno raziskuje komunikacijske modele v spletnem okolju.<\/p>\n<p><a href=\"https:\/\/arhiv.cona.si\/archives\/2475\">Annie Abrahams, Maja Delak, Irena Pivka: <\/a><em><a href=\"https:\/\/arhiv.cona.si\/archives\/2475\">Encounter<\/a> |<br \/>\n<\/em><a href=\"https:\/\/arhiv.cona.si\/archives\/2465\">Annie Abrahams: <em>Kaj misli\u0161 s tem? What do you mean?<\/em><\/a>[\/vc_column_text][\/vc_column_inner][\/vc_row_inner][vc_row_inner][vc_column_inner width=&#8221;1\/3&#8243;][vc_single_image image=&#8221;2168&#8243;][\/vc_column_inner][vc_column_inner width=&#8221;2\/3&#8243;][vc_column_text]<strong><a href=\"http:\/\/www.colinblack.com.au\/\">Colin Black<\/a><\/strong> je mednarodno uveljavljen skladatelj, zvo\u010dni in radijski umetnik. Leta 2003 je za svoje celove\u010derno radijsko delo prejel nagrado Prix Italia, v letih 2010 in 2011 pa se je uvrstil v finalni izbor za nagrado Prix Phonurgia Nova.<\/p>\n<p><a href=\"https:\/\/arhiv.cona.si\/archives\/2332\">Colin Black:\u00a0<em>Akusti\u010dni prostori<\/em><\/a> | <em><a href=\"https:\/\/arhiv.cona.si\/archives\/2332\">Kilian\u2019s Antipodean Dream<\/a><\/em>[\/vc_column_text][\/vc_column_inner][\/vc_row_inner][vc_row_inner][vc_column_inner width=&#8221;1\/3&#8243;][vc_single_image image=&#8221;2166&#8243;][\/vc_column_inner][vc_column_inner width=&#8221;2\/3&#8243;][vc_column_text]<a href=\"http:\/\/nicelittlestatic.com\/\"><strong>Anna Friz<\/strong><\/a> je kanadska zvoc\u030cna in radijska umetnica, ki trenutno \u017eivi v Chicagu. Specializirala se je za vec\u030ckanalne transmisijske sisteme za instalacije, performanse in radijska oddajanja. Radio v njenem delu nastopa kot vir, nosilec in medij dela.<\/p>\n<p><a href=\"http:\/\/www.radiocona.si\/radiocona-broadcast-program\">radioCona:\u00a0<em>REuse MESTO: REuseRADIO<\/em><\/a> |\u00a0<a href=\"http:\/\/www.radiocona.si\/archives\/6140\"><em>City at Night<\/em><\/a>[\/vc_column_text][\/vc_column_inner][\/vc_row_inner][\/vc_column][\/vc_row][vc_row][vc_column][vc_column_text]<\/p>\n<h1>2013<\/h1>\n<p>[\/vc_column_text][vc_row_inner][vc_column_inner width=&#8221;1\/3&#8243;][vc_single_image image=&#8221;2162&#8243;][\/vc_column_inner][vc_column_inner width=&#8221;2\/3&#8243;][vc_column_text]<a href=\"http:\/\/www.voicesoundtext.com\/\"><strong>Maria Papadomanolaki<\/strong><\/a> je gr\u0161ka umetnica, kuratorica in avtorica, ki trenutno biva v Londonu. Deluje na podro\u010djih oblikovanja zvoka za ples in film, instalacij, omre\u017enega performansa, raziskovalnih delavnic in transmisijske umetnosti.<\/p>\n<p><a href=\"http:\/\/www.radiocona.si\/artists-works\">REuse MESTO: REuseRADIO<\/a> |\u00a0<a href=\"https:\/\/arhiv.cona.si\/blog\/2014\/08\/29\/bojana-saljic-podesva-and-maria-papadomanolaki-zvo-ci-ti-so-und-ing-duo\/\">ZVO.\u010cI.TI so.und.ing DUO<\/a>[\/vc_column_text][\/vc_column_inner][\/vc_row_inner][vc_row_inner][vc_column_inner width=&#8221;1\/3&#8243;][vc_single_image image=&#8221;2163&#8243;][\/vc_column_inner][vc_column_inner width=&#8221;2\/3&#8243;][vc_column_text]<strong>Renata Padovan<\/strong> je brazilska vizualna in zvo\u010dna umetnica. Na residenci je pripravila projekt \u00a0In Ljubljana residency Xingu iz serije Yiara.<\/p>\n<p><a href=\"https:\/\/arhiv.cona.si\/blog\/2013\/03\/18\/renata-padovan-xingu-cikel-yiara-and-brane-zorman-hidden-materia-ii-zvo-ci-ti-so-und-ing-cikel\/\">ZVO.\u010cI.TI so.und.ing DUO<\/a>[\/vc_column_text][\/vc_column_inner][\/vc_row_inner][\/vc_column][\/vc_row][vc_row][vc_column][vc_column_text]<\/p>\n<h2>\u0160tipendije<\/h2>\n<p>Cilji \u0161tipendijskega programa CONA so bili uvedeni leta 2022 za podporo mladim umetnicam_kom in raziskovalkam_cem na podro\u010dju novih medijev in zvo\u010dne umetnosti. \u0160tipendija podpira raziskave, usmerjene v nova odkritja na podro\u010dju zvoka, komunikacije med vrstami in medvrstnega sobivanja ter spodbuja inovativnost na podro\u010dju zvo\u010dne umetnosti.<\/p>\n<p>Primarna podro\u010dja zanimanja segajo od raziskav medvrstnega zvo\u010dnega komuniciranja, inovacij na podro\u010dju akusti\u010dne ekologije, bioakusti\u010dne umetnosti in mehatronike do teoreti\u010dnih kompozicij. Trajanje \u0161tudijskega programa je dolo\u010deno na 9 mesecev za obdobje kandidatkinega_ovega \u0161olskega leta.[\/vc_column_text][vc_column_text]<\/p>\n<h1>2022<\/h1>\n<p>[\/vc_column_text][vc_row_inner][vc_column_inner width=&#8221;1\/3&#8243;][vc_single_image image=&#8221;2160&#8243;][\/vc_column_inner][vc_column_inner width=&#8221;2\/3&#8243;][vc_column_text]<strong>Bla\u017e Re\u017eonja<\/strong> je trenutno\u00a0\u0161tudent 3. letnika dodiplomskega \u0161tudija biologije na Biotehni\u0161ki fakulteti Univerze v Ljubljani. Njegov projekt bo v \u010dasu trajanja \u0161tipendije obsegal terensko zvo\u010dno snemanje in monta\u017eo s ciljem ozave\u0161\u010danja o pomenu ohranjanja neokrnjenosti na\u0161ih pragozdov.[\/vc_column_text][\/vc_column_inner][\/vc_row_inner][\/vc_column][\/vc_row][vc_row][vc_column][vc_column_text][\/vc_column_text][\/vc_column][\/vc_row]<\/p>\n<\/div>","protected":false},"excerpt":{"rendered":"<p>[vc_row][vc_column][vc_column_text] Delavnice in izobra\u017eevanja Delavnice ponujajo neprecenljive prilo\u017enosti za sre\u010danje umetnikov in raziskovalcev na podro\u010dju zvo\u010dne umetnosti in bioakustike, izmenjavo idej in sodelovanje. Skozi prakti\u010dne dejavnosti se lahko udele\u017eenke_ci nau\u010dijo novih tehnik, eksperimentirajo z razli\u010dnimi orodji in tehnologijami ter premikajo meje svoje ustvarjalnosti.[\/vc_column_text][vc_column_text] 2025 [\/vc_column_text][vc_row_inner][vc_column_inner width=&#8221;1\/3&#8243;][vc_single_image image=&#8221;2700&#8243;][\/vc_column_inner][vc_column_inner width=&#8221;2\/3&#8243;][vc_column_text]Zvo\u010dna delavnica Odmevanje Pala\u010de mladih je ustvarjalni program [&hellip;]<\/p>\n","protected":false},"author":2,"featured_media":0,"parent":0,"menu_order":0,"comment_status":"closed","ping_status":"closed","template":"","meta":{"footnotes":""},"class_list":["post-72","page","type-page","status-publish","hentry"],"_links":{"self":[{"href":"https:\/\/arhiv.cona.si\/slo\/wp-json\/wp\/v2\/pages\/72","targetHints":{"allow":["GET"]}}],"collection":[{"href":"https:\/\/arhiv.cona.si\/slo\/wp-json\/wp\/v2\/pages"}],"about":[{"href":"https:\/\/arhiv.cona.si\/slo\/wp-json\/wp\/v2\/types\/page"}],"author":[{"embeddable":true,"href":"https:\/\/arhiv.cona.si\/slo\/wp-json\/wp\/v2\/users\/2"}],"replies":[{"embeddable":true,"href":"https:\/\/arhiv.cona.si\/slo\/wp-json\/wp\/v2\/comments?post=72"}],"version-history":[{"count":75,"href":"https:\/\/arhiv.cona.si\/slo\/wp-json\/wp\/v2\/pages\/72\/revisions"}],"predecessor-version":[{"id":2701,"href":"https:\/\/arhiv.cona.si\/slo\/wp-json\/wp\/v2\/pages\/72\/revisions\/2701"}],"wp:attachment":[{"href":"https:\/\/arhiv.cona.si\/slo\/wp-json\/wp\/v2\/media?parent=72"}],"curies":[{"name":"wp","href":"https:\/\/api.w.org\/{rel}","templated":true}]}}