{"id":39,"date":"2015-02-11T12:56:45","date_gmt":"2015-02-11T10:56:45","guid":{"rendered":"https:\/\/arhiv.cona.si\/slo\/?page_id=39"},"modified":"2015-02-11T12:56:45","modified_gmt":"2015-02-11T10:56:45","slug":"radiocona","status":"publish","type":"page","link":"https:\/\/arhiv.cona.si\/slo\/radiocona\/","title":{"rendered":"radioCona"},"content":{"rendered":"<p>radioCona je platforma, ki uporablja prostor radijske frekvence v umetni\u0161kem kontekstu. FM frekvence razumemo kot javni prostor in katerega raziskujemo preko razli\u010dnih perspektiv in posredovanj; skozi umetni\u0161ka dela, publikacije, oddajanje in razstave. radioCona je poseg v javni prostor.<\/p>\n<p>povezava na posebno stran\u00a0<a href=\"http:\/\/www.radiocona.si\/\">radioCona <\/a><\/p>\n<p><a href=\"http:\/\/www.radiocona.si\/\"><img loading=\"lazy\" decoding=\"async\" class=\"alignleft size-full wp-image-1667\" src=\"https:\/\/arhiv.cona.si\/wp-content\/uploads\/2013\/05\/RC.jpg\" alt=\"RC\" width=\"957\" height=\"758\" \/><\/a><\/p>\n","protected":false},"excerpt":{"rendered":"<p>radioCona je platforma, ki uporablja prostor radijske frekvence v umetni\u0161kem kontekstu. FM frekvence razumemo kot javni prostor in katerega raziskujemo preko razli\u010dnih perspektiv in posredovanj; skozi umetni\u0161ka dela, publikacije, oddajanje in razstave. radioCona je poseg v javni prostor. povezava na posebno stran\u00a0radioCona<\/p>\n","protected":false},"author":2,"featured_media":0,"parent":0,"menu_order":0,"comment_status":"closed","ping_status":"closed","template":"","meta":{"footnotes":""},"class_list":["post-39","page","type-page","status-publish","hentry"],"_links":{"self":[{"href":"https:\/\/arhiv.cona.si\/slo\/wp-json\/wp\/v2\/pages\/39","targetHints":{"allow":["GET"]}}],"collection":[{"href":"https:\/\/arhiv.cona.si\/slo\/wp-json\/wp\/v2\/pages"}],"about":[{"href":"https:\/\/arhiv.cona.si\/slo\/wp-json\/wp\/v2\/types\/page"}],"author":[{"embeddable":true,"href":"https:\/\/arhiv.cona.si\/slo\/wp-json\/wp\/v2\/users\/2"}],"replies":[{"embeddable":true,"href":"https:\/\/arhiv.cona.si\/slo\/wp-json\/wp\/v2\/comments?post=39"}],"version-history":[{"count":1,"href":"https:\/\/arhiv.cona.si\/slo\/wp-json\/wp\/v2\/pages\/39\/revisions"}],"predecessor-version":[{"id":41,"href":"https:\/\/arhiv.cona.si\/slo\/wp-json\/wp\/v2\/pages\/39\/revisions\/41"}],"wp:attachment":[{"href":"https:\/\/arhiv.cona.si\/slo\/wp-json\/wp\/v2\/media?parent=39"}],"curies":[{"name":"wp","href":"https:\/\/api.w.org\/{rel}","templated":true}]}}

<p>radioCona je platforma, ki uporablja prostor radijske frekvence v umetniškem kontekstu. FM frekvence razumemo kot javni prostor in katerega raziskujemo preko različnih perspektiv in posredovanj; skozi umetniška dela, publikacije, oddajanje in razstave. radioCona je poseg v javni prostor.</p>
<p>povezava na posebno stran <a href="http://www.radiocona.si/">radioCona </a></p>
<p><a href="http://www.radiocona.si/"><img loading="lazy" decoding="async" class="alignleft size-full wp-image-1667" src="https://arhiv.cona.si/wp-content/uploads/2013/05/RC.jpg" alt="RC" width="957" height="758" /></a></p>

<p>radioCona je platforma, ki uporablja prostor radijske frekvence v umetniškem kontekstu. FM frekvence razumemo kot javni prostor in katerega raziskujemo preko različnih perspektiv in posredovanj; skozi umetniška dela, publikacije, oddajanje in razstave. radioCona je poseg v javni prostor. povezava na posebno stran radioCona</p>
