{"id":222,"date":"2015-10-12T11:35:04","date_gmt":"2015-10-12T09:35:04","guid":{"rendered":"https:\/\/arhiv.cona.si\/slo\/?page_id=222"},"modified":"2016-06-14T09:16:34","modified_gmt":"2016-06-14T07:16:34","slug":"saska-rakef-krhanje-lepote","status":"publish","type":"page","link":"https:\/\/arhiv.cona.si\/slo\/saska-rakef-krhanje-lepote\/","title":{"rendered":"Sa\u0161ka Rakef: Krhanje Lepote"},"content":{"rendered":"<p><img loading=\"lazy\" decoding=\"async\" class=\"alignleft size-thumbnail wp-image-234\" src=\"https:\/\/arhiv.cona.si\/slo\/wp-content\/uploads\/sites\/2\/2015\/10\/krhanje-lepote_tiskovina_izrez-copy-150x150.jpg\" alt=\"krhanje lepote_tiskovina_izrez copy\" width=\"150\" height=\"150\" srcset=\"https:\/\/arhiv.cona.si\/slo\/wp-content\/uploads\/sites\/2\/2015\/10\/krhanje-lepote_tiskovina_izrez-copy-150x150.jpg 150w, https:\/\/arhiv.cona.si\/slo\/wp-content\/uploads\/sites\/2\/2015\/10\/krhanje-lepote_tiskovina_izrez-copy-300x300.jpg 300w, https:\/\/arhiv.cona.si\/slo\/wp-content\/uploads\/sites\/2\/2015\/10\/krhanje-lepote_tiskovina_izrez-copy.jpg 470w\" sizes=\"auto, (max-width: 150px) 100vw, 150px\" \/><\/p>\n<p>Re\u017eija: Sa\u0161ka Rakef<br \/>\nDramaturgija in produkcija: Klavdija Zupan<br \/>\nZvo\u010dna podoba: Alenja Pivko Kne\u017eevi\u010d, Simon Pen\u0161ek<br \/>\nScenografija in kostumografija: Irena Pivka<br \/>\nOblikovanje svetlobe: Janko Oven<br \/>\n<strong>Igrata: Barbara Krajnc Avdi\u0107, Uro\u0161 Ma\u010dek<\/strong><br \/>\n<em>A ni neverjetno, kako eno malo egoisti\u010dno bitje, ki mora biti vedno prvo sito, prvo suho, prvo ljubljeno, postane \u010dlovek, ki se iskreno zanima za drugega? <\/em><\/p>\n<p>Krhanje lepote je zgodba o razpadu skupnosti. Je zgodba o (navidezni) so-odvisnosti boja za mo\u010d in boja za pre\u017eivetje. Je zgodba o manipulaciji. In o tisti \u00bbzavesti in odgovornosti\u00ab, ki se rodi prepozno. In ne nazadnje, je razmislek o \u010dloveku. \u010cloveku kot osnovnem gradniku skupnosti (in politike). \u010cloveku kot kontradiktorni entiteti, ki jo na eni strani definira egoizem, potreba po mo\u010di, po nadvladi; in so\u010dasno, potreba po pripadnosti, varnosti, sprejetosti, ljubezni.<br \/>\n\u010ce o pre\u017eivetju ne odlo\u010da zakon, temve\u010d ve\u010dja ali manj\u0161a mo\u010d akterjev \u2013 lahko v tem primeru boj za mo\u010d ena\u010dimo z bojem za pre\u017eivetje in opravi\u010dimo vse oblike prisile, vklju\u010dno z vojno in uni\u010denjem?<\/p>\n\n\t\t<style type=\"text\/css\">\n\t\t\t#gallery-1 {\n\t\t\t\tmargin: auto;\n\t\t\t}\n\t\t\t#gallery-1 .gallery-item {\n\t\t\t\tfloat: left;\n\t\t\t\tmargin-top: 10px;\n\t\t\t\ttext-align: center;\n\t\t\t\twidth: 20%;\n\t\t\t}\n\t\t\t#gallery-1 img {\n\t\t\t\tborder: 2px solid #cfcfcf;\n\t\t\t}\n\t\t\t#gallery-1 .gallery-caption {\n\t\t\t\tmargin-left: 0;\n\t\t\t}\n\t\t\t\/* see gallery_shortcode() in wp-includes\/media.php *\/\n\t\t<\/style>\n\t\t<div id='gallery-1' class='gallery galleryid-222 gallery-columns-5 gallery-size-thumbnail'><dl class='gallery-item'>\n\t\t\t<dt class='gallery-icon landscape'>\n\t\t\t\t<a href='https:\/\/arhiv.cona.si\/slo\/saska-rakef-krhanje-lepote\/img_6796-copy\/'><img loading=\"lazy\" decoding=\"async\" width=\"150\" height=\"150\" src=\"https:\/\/arhiv.cona.si\/slo\/wp-content\/uploads\/sites\/2\/2015\/10\/IMG_6796-copy-150x150.jpg\" class=\"attachment-thumbnail size-thumbnail\" alt=\"\" \/><\/a>\n\t\t\t<\/dt><\/dl><dl class='gallery-item'>\n\t\t\t<dt class='gallery-icon landscape'>\n\t\t\t\t<a href='https:\/\/arhiv.cona.si\/slo\/saska-rakef-krhanje-lepote\/img_6768-copy\/'><img loading=\"lazy\" decoding=\"async\" width=\"150\" height=\"150\" src=\"https:\/\/arhiv.cona.si\/slo\/wp-content\/uploads\/sites\/2\/2015\/10\/IMG_6768-copy-150x150.jpg\" class=\"attachment-thumbnail size-thumbnail\" alt=\"\" \/><\/a>\n\t\t\t<\/dt><\/dl><dl class='gallery-item'>\n\t\t\t<dt class='gallery-icon landscape'>\n\t\t\t\t<a href='https:\/\/arhiv.cona.si\/slo\/saska-rakef-krhanje-lepote\/img_6806-copy\/'><img loading=\"lazy\" decoding=\"async\" width=\"150\" height=\"150\" src=\"https:\/\/arhiv.cona.si\/slo\/wp-content\/uploads\/sites\/2\/2015\/10\/IMG_6806-copy-150x150.jpg\" class=\"attachment-thumbnail size-thumbnail\" alt=\"\" \/><\/a>\n\t\t\t<\/dt><\/dl><dl class='gallery-item'>\n\t\t\t<dt class='gallery-icon landscape'>\n\t\t\t\t<a href='https:\/\/arhiv.cona.si\/slo\/saska-rakef-krhanje-lepote\/img_6809-copy\/'><img loading=\"lazy\" decoding=\"async\" width=\"150\" height=\"150\" src=\"https:\/\/arhiv.cona.si\/slo\/wp-content\/uploads\/sites\/2\/2015\/10\/IMG_6809-copy-150x150.jpg\" class=\"attachment-thumbnail size-thumbnail\" alt=\"\" \/><\/a>\n\t\t\t<\/dt><\/dl><dl class='gallery-item'>\n\t\t\t<dt class='gallery-icon landscape'>\n\t\t\t\t<a href='https:\/\/arhiv.cona.si\/slo\/saska-rakef-krhanje-lepote\/img_6799-copy\/'><img loading=\"lazy\" decoding=\"async\" width=\"150\" height=\"150\" src=\"https:\/\/arhiv.cona.si\/slo\/wp-content\/uploads\/sites\/2\/2015\/10\/IMG_6799-copy-150x150.jpg\" class=\"attachment-thumbnail size-thumbnail\" alt=\"\" \/><\/a>\n\t\t\t<\/dt><\/dl><br style=\"clear: both\" \/>\n\t\t<\/div>\n\n<p>Produkcija: Cona<br \/>\nKoprodukcija: Cankarjev dom, AGRFT,\u00a0Celinka, dru\u0161tvo ustvarjalk sodobnega plesa<br \/>\nSofinanciranje: Ministrstvo za kulturo, Mestna ob\u010dina Ljubljana<\/p>\n<p>Zahvala Petri Tanko za epizodni tematski dramatur\u0161ki dialog, red. prof. Toma\u017eu Guben\u0161ku za oblikovanje odrskega govora, izr.prof. mag. Tomiju Jane\u017ei\u010du za re\u017eijski mentorski dialog, izr. prof. mag. \u017danini Mir\u010devski za mentorski dialog pri dramskem pisanju in red. prof. Uro\u0161u Rojku za mentorski dialog pri ustvarjanju zvo\u010dne podobe.<\/p>\n","protected":false},"excerpt":{"rendered":"<p>Re\u017eija: Sa\u0161ka Rakef Dramaturgija in produkcija: Klavdija Zupan Zvo\u010dna podoba: Alenja Pivko Kne\u017eevi\u010d, Simon Pen\u0161ek Scenografija in kostumografija: Irena Pivka Oblikovanje svetlobe: Janko Oven Igrata: Barbara Krajnc Avdi\u0107, Uro\u0161 Ma\u010dek A ni neverjetno, kako eno malo egoisti\u010dno bitje, ki mora biti vedno prvo sito, prvo suho, prvo ljubljeno, postane \u010dlovek, ki se iskreno zanima za [&hellip;]<\/p>\n","protected":false},"author":2,"featured_media":0,"parent":0,"menu_order":0,"comment_status":"closed","ping_status":"closed","template":"","meta":{"footnotes":""},"class_list":["post-222","page","type-page","status-publish","hentry"],"_links":{"self":[{"href":"https:\/\/arhiv.cona.si\/slo\/wp-json\/wp\/v2\/pages\/222","targetHints":{"allow":["GET"]}}],"collection":[{"href":"https:\/\/arhiv.cona.si\/slo\/wp-json\/wp\/v2\/pages"}],"about":[{"href":"https:\/\/arhiv.cona.si\/slo\/wp-json\/wp\/v2\/types\/page"}],"author":[{"embeddable":true,"href":"https:\/\/arhiv.cona.si\/slo\/wp-json\/wp\/v2\/users\/2"}],"replies":[{"embeddable":true,"href":"https:\/\/arhiv.cona.si\/slo\/wp-json\/wp\/v2\/comments?post=222"}],"version-history":[{"count":14,"href":"https:\/\/arhiv.cona.si\/slo\/wp-json\/wp\/v2\/pages\/222\/revisions"}],"predecessor-version":[{"id":428,"href":"https:\/\/arhiv.cona.si\/slo\/wp-json\/wp\/v2\/pages\/222\/revisions\/428"}],"wp:attachment":[{"href":"https:\/\/arhiv.cona.si\/slo\/wp-json\/wp\/v2\/media?parent=222"}],"curies":[{"name":"wp","href":"https:\/\/api.w.org\/{rel}","templated":true}]}}