{"id":10,"date":"2015-01-23T00:17:01","date_gmt":"2015-01-22T22:17:01","guid":{"rendered":"https:\/\/arhiv.cona.si\/slo\/?page_id=10"},"modified":"2023-02-07T10:11:33","modified_gmt":"2023-02-07T08:11:33","slug":"kontakt","status":"publish","type":"page","link":"https:\/\/arhiv.cona.si\/slo\/kontakt\/","title":{"rendered":"Kontakt"},"content":{"rendered":"<p><strong>CONA zavod za procesiranje sodobne umetnosti<\/strong><br \/>\nPeri\u010deva 7<br \/>\n1000 Ljubljana<br \/>\nSlovenija<br \/>\nDav\u010dna \u0161t.: SI 44809247<\/p>\n<p>Naslov studia in pisarne:<br \/>\nTrg Prekomorskih Brigad 1<br \/>\nLjubljana<\/p>\n<p>E-po\u0161ta:<br \/>\nirena(at)cona.si<br \/>\nbrane(at)cona.si<br \/>\nmatej(at)cona.si<\/p>\n<p>Telefon:<br \/>\nIrena PIVKA +386 (0) 40 418 682<br \/>\nBrane ZORMAN\u00a0+386 (0) 40 418 681<br \/>\nMatej TOMA\u017dIN +386 (0) 41 801 269<\/p>\n","protected":false},"excerpt":{"rendered":"<p>CONA zavod za procesiranje sodobne umetnosti Peri\u010deva 7 1000 Ljubljana Slovenija Dav\u010dna \u0161t.: SI 44809247 Naslov studia in pisarne: Trg Prekomorskih Brigad 1 Ljubljana E-po\u0161ta: irena(at)cona.si brane(at)cona.si matej(at)cona.si Telefon: Irena PIVKA +386 (0) 40 418 682 Brane ZORMAN\u00a0+386 (0) 40 418 681 Matej TOMA\u017dIN +386 (0) 41 801 269<\/p>\n","protected":false},"author":1,"featured_media":0,"parent":0,"menu_order":0,"comment_status":"closed","ping_status":"closed","template":"","meta":{"footnotes":""},"class_list":["post-10","page","type-page","status-publish","hentry"],"_links":{"self":[{"href":"https:\/\/arhiv.cona.si\/slo\/wp-json\/wp\/v2\/pages\/10","targetHints":{"allow":["GET"]}}],"collection":[{"href":"https:\/\/arhiv.cona.si\/slo\/wp-json\/wp\/v2\/pages"}],"about":[{"href":"https:\/\/arhiv.cona.si\/slo\/wp-json\/wp\/v2\/types\/page"}],"author":[{"embeddable":true,"href":"https:\/\/arhiv.cona.si\/slo\/wp-json\/wp\/v2\/users\/1"}],"replies":[{"embeddable":true,"href":"https:\/\/arhiv.cona.si\/slo\/wp-json\/wp\/v2\/comments?post=10"}],"version-history":[{"count":9,"href":"https:\/\/arhiv.cona.si\/slo\/wp-json\/wp\/v2\/pages\/10\/revisions"}],"predecessor-version":[{"id":1798,"href":"https:\/\/arhiv.cona.si\/slo\/wp-json\/wp\/v2\/pages\/10\/revisions\/1798"}],"wp:attachment":[{"href":"https:\/\/arhiv.cona.si\/slo\/wp-json\/wp\/v2\/media?parent=10"}],"curies":[{"name":"wp","href":"https:\/\/api.w.org\/{rel}","templated":true}]}}