{"id":427,"date":"2016-06-14T08:58:29","date_gmt":"2016-06-14T06:58:29","guid":{"rendered":"https:\/\/arhiv.cona.si\/slo\/wp-content\/uploads\/sites\/2\/2015\/10\/IMG_6809-copy.jpg"},"modified":"2016-06-14T09:02:43","modified_gmt":"2016-06-14T07:02:43","slug":"img_6809-copy","status":"inherit","type":"attachment","link":"https:\/\/arhiv.cona.si\/slo\/saska-rakef-krhanje-lepote\/img_6809-copy\/","title":{"rendered":"Krhanje Lepote; Barbara Krajnc Avdi\u0107, Uro\u0161 Ma\u010dek_1"},"author":2,"featured_media":0,"comment_status":"closed","ping_status":"closed","template":"","meta":[],"class_list":["post-427","attachment","type-attachment","status-inherit","hentry"],"description":{"rendered":"<p class=\"attachment\"><a href='https:\/\/arhiv.cona.si\/slo\/wp-content\/uploads\/sites\/2\/2015\/10\/IMG_6809-copy.jpg'><img loading=\"lazy\" decoding=\"async\" width=\"300\" height=\"200\" src=\"https:\/\/arhiv.cona.si\/slo\/wp-content\/uploads\/sites\/2\/2015\/10\/IMG_6809-copy-300x200.jpg\" class=\"attachment-medium size-medium\" alt=\"\" srcset=\"https:\/\/arhiv.cona.si\/slo\/wp-content\/uploads\/sites\/2\/2015\/10\/IMG_6809-copy-300x200.jpg 300w, https:\/\/arhiv.cona.si\/slo\/wp-content\/uploads\/sites\/2\/2015\/10\/IMG_6809-copy-768x512.jpg 768w, https:\/\/arhiv.cona.si\/slo\/wp-content\/uploads\/sites\/2\/2015\/10\/IMG_6809-copy-1024x683.jpg 1024w\" sizes=\"auto, (max-width: 300px) 100vw, 300px\" \/><\/a><\/p>\n"},"caption":{"rendered":""},"alt_text":"","media_type":"image","mime_type":"image\/jpeg","media_details":{"width":2268,"height":1512,"file":"2015\/10\/IMG_6809-copy.jpg","sizes":{"thumbnail":{"file":"IMG_6809-copy-150x150.jpg","width":150,"height":150,"mime_type":"image\/jpeg","source_url":"https:\/\/arhiv.cona.si\/slo\/wp-content\/uploads\/sites\/2\/2015\/10\/IMG_6809-copy-150x150.jpg"},"medium":{"file":"IMG_6809-copy-300x200.jpg","width":300,"height":200,"mime_type":"image\/jpeg","source_url":"https:\/\/arhiv.cona.si\/slo\/wp-content\/uploads\/sites\/2\/2015\/10\/IMG_6809-copy-300x200.jpg"},"medium_large":{"file":"IMG_6809-copy-768x512.jpg","width":768,"height":512,"mime_type":"image\/jpeg","source_url":"https:\/\/arhiv.cona.si\/slo\/wp-content\/uploads\/sites\/2\/2015\/10\/IMG_6809-copy-768x512.jpg"},"large":{"file":"IMG_6809-copy-1024x683.jpg","width":1024,"height":683,"mime_type":"image\/jpeg","source_url":"https:\/\/arhiv.cona.si\/slo\/wp-content\/uploads\/sites\/2\/2015\/10\/IMG_6809-copy-1024x683.jpg"},"full":{"file":"IMG_6809-copy.jpg","width":2268,"height":1512,"mime_type":"image\/jpeg","source_url":"https:\/\/arhiv.cona.si\/slo\/wp-content\/uploads\/sites\/2\/2015\/10\/IMG_6809-copy.jpg"}},"image_meta":{"aperture":"5.6","credit":"","camera":"Canon EOS 550D","caption":"","created_timestamp":"1447016290","copyright":"","focal_length":"64","iso":"3200","shutter_speed":"0.04","title":"","orientation":"1","keywords":[]}},"post":222,"source_url":"https:\/\/arhiv.cona.si\/slo\/wp-content\/uploads\/sites\/2\/2015\/10\/IMG_6809-copy.jpg","_links":{"self":[{"href":"https:\/\/arhiv.cona.si\/slo\/wp-json\/wp\/v2\/media\/427","targetHints":{"allow":["GET"]}}],"collection":[{"href":"https:\/\/arhiv.cona.si\/slo\/wp-json\/wp\/v2\/media"}],"about":[{"href":"https:\/\/arhiv.cona.si\/slo\/wp-json\/wp\/v2\/types\/attachment"}],"author":[{"embeddable":true,"href":"https:\/\/arhiv.cona.si\/slo\/wp-json\/wp\/v2\/users\/2"}],"replies":[{"embeddable":true,"href":"https:\/\/arhiv.cona.si\/slo\/wp-json\/wp\/v2\/comments?post=427"}],"wp:attached-to":[{"embeddable":true,"post_type":"page","id":222,"href":"https:\/\/arhiv.cona.si\/slo\/wp-json\/wp\/v2\/pages\/222"}],"curies":[{"name":"wp","href":"https:\/\/api.w.org\/{rel}","templated":true}]}}

Krhanje Lepote; Barbara Krajnc Avdić, Uroš Maček_1
